#---------------------------------------------------
#Pendl Adatbank - Módosítások SQL dumpj-a
#Időszak eleje: 2014.06.02 00:00:00
#Időszak vége: 2014.06.03 00:00:00
#---------------------------------------------------

REPLACE INTO `szemely_t` (`szemelyID`,`jelszo`,`idTitulus`,`nev`,`nevkoz`,`nevkereszt`,`szulev`,`idLakOrsz`,`iranyitoszam`,`varos`,`utca`,`idLevOrsz`,`levIrsz`,`levVaros`,`levUtca`,`telefon`,`tel2`,`mobil`,`email`,`altEmail`,`skype`,`linkedIn`,`DS`,`DEL`,`kep`,`visszaigazolt`) VALUES (UNHEX('3130343136'), UNHEX('637562656b6f636b61'), UNHEX('30'), UNHEX('537a616c6169'), UNHEX(''), UNHEX('47c3a97a61'), UNHEX('31393639'), UNHEX('3136'), UNHEX('31313538'), UNHEX('4275646170657374'), UNHEX('5468c3b66bc3b66c7920752e20382e'), UNHEX('3136'), UNHEX('31313538'), UNHEX('4275646170657374'), UNHEX('5468c3b66bc3b66c7920752e20382e'), UNHEX('3036203330203637362035333634'), UNHEX(''), UNHEX('3036203330203637362035333634'), UNHEX('672e737a616c616940742d6f6e6c696e652e6875'), UNHEX(''), UNHEX(''), UNHEX(''), UNHEX('323031342d30362d30322031303a32333a3332'), UNHEX('303030302d30302d30302030303a30303a3030'), UNHEX(''), UNHEX(''));
REPLACE INTO `szemely_t` (`szemelyID`,`jelszo`,`idTitulus`,`nev`,`nevkoz`,`nevkereszt`,`szulev`,`idLakOrsz`,`iranyitoszam`,`varos`,`utca`,`idLevOrsz`,`levIrsz`,`levVaros`,`levUtca`,`telefon`,`tel2`,`mobil`,`email`,`altEmail`,`skype`,`linkedIn`,`DS`,`DEL`,`kep`,`visszaigazolt`) VALUES (UNHEX('3130343137'), UNHEX('363361323438'), UNHEX('30'), UNHEX('446f6d6f6e6b6f73'), UNHEX(''), UNHEX('53c3a16e646f72'), UNHEX('31393537'), UNHEX('3136'), UNHEX('32313230'), UNHEX('44756e616b65737a69'), UNHEX('44c3b37a73612047792074c3a972203134'), UNHEX('3136'), UNHEX(''), UNHEX(''), UNHEX(''), UNHEX('2b33362033302035373033353637'), UNHEX(''), UNHEX('2b33362033302035373033353637'), UNHEX('646f6d6f6e6b6f737340742d6f6e6c696e652e6875'), UNHEX(''), UNHEX(''), UNHEX(''), UNHEX('323031342d30362d30322032303a33393a3534'), UNHEX('303030302d30302d30302030303a30303a3030'), UNHEX(''), UNHEX(''));
REPLACE INTO `szemely_terulet_t` (`szemelyID`,`teruletID`,`alteruletID`,`jelenlegi`,`IDdolgozottevek`,`DS`,`DEL`) VALUES (UNHEX('3130343136'), UNHEX('34'), UNHEX('343030'), UNHEX('31'), UNHEX('33'), UNHEX('323031342d30362d30322031303a32363a3338'), UNHEX('303030302d30302d30302030303a30303a3030'));
REPLACE INTO `szemely_terulet_t` (`szemelyID`,`teruletID`,`alteruletID`,`jelenlegi`,`IDdolgozottevek`,`DS`,`DEL`) VALUES (UNHEX('3130343137'), UNHEX('33'), UNHEX('343030'), UNHEX(''), UNHEX('33'), UNHEX('323031342d30362d30322032303a34353a3433'), UNHEX('303030302d30302d30302030303a30303a3030'));
REPLACE INTO `szemely_terulet_t` (`szemelyID`,`teruletID`,`alteruletID`,`jelenlegi`,`IDdolgozottevek`,`DS`,`DEL`) VALUES (UNHEX('3130343137'), UNHEX('34'), UNHEX('343030'), UNHEX(''), UNHEX('33'), UNHEX('323031342d30362d30322032303a34333a3433'), UNHEX('303030302d30302d30302030303a30303a3030'));
REPLACE INTO `szemely_terulet_t` (`szemelyID`,`teruletID`,`alteruletID`,`jelenlegi`,`IDdolgozottevek`,`DS`,`DEL`) VALUES (UNHEX('3130343137'), UNHEX('3236'), UNHEX('343030'), UNHEX(''), UNHEX('33'), UNHEX('323031342d30362d30322032303a34343a3130'), UNHEX('303030302d30302d30302030303a30303a3030'));
REPLACE INTO `szemely_vegzettseg_t` (`szemelyID`,`vegzettsegID`,`VCSID`,`szakiranyID`,`DS`,`DEL`) VALUES (UNHEX('3130343136'), UNHEX('3430'), UNHEX('34'), UNHEX('3130303038'), UNHEX('323031342d30362d30322031303a32353a3135'), UNHEX('303030302d30302d30302030303a30303a3030'));
REPLACE INTO `szemely_vegzettseg_t` (`szemelyID`,`vegzettsegID`,`VCSID`,`szakiranyID`,`DS`,`DEL`) VALUES (UNHEX('3130343137'), UNHEX('3430'), UNHEX('34'), UNHEX('3930'), UNHEX('323031342d30362d30322032303a34313a3335'), UNHEX('303030302d30302d30302030303a30303a3030'));
REPLACE INTO `szemely_alagazat_t` (`szemelyID`,`agazatID`,`alagazatID`,`jelenlegi`,`DS`,`DEL`) VALUES (UNHEX('3130343136'), UNHEX('36'), UNHEX('31303134'), UNHEX('31'), UNHEX('323031342d30362d30322031303a32383a3030'), UNHEX('303030302d30302d30302030303a30303a3030'));
REPLACE INTO `szemely_alagazat_t` (`szemelyID`,`agazatID`,`alagazatID`,`jelenlegi`,`DS`,`DEL`) VALUES (UNHEX('3130343136'), UNHEX('34'), UNHEX('31303338'), UNHEX(''), UNHEX('323031342d30362d30322031303a33303a3539'), UNHEX('303030302d30302d30302030303a30303a3030'));
REPLACE INTO `szemely_alagazat_t` (`szemelyID`,`agazatID`,`alagazatID`,`jelenlegi`,`DS`,`DEL`) VALUES (UNHEX('3130343137'), UNHEX('36'), UNHEX('31303134'), UNHEX(''), UNHEX('323031342d30362d30322032303a34363a3134'), UNHEX('303030302d30302d30302030303a30303a3030'));
REPLACE INTO `szemely_alagazat_t` (`szemelyID`,`agazatID`,`alagazatID`,`jelenlegi`,`DS`,`DEL`) VALUES (UNHEX('3130343137'), UNHEX('34'), UNHEX('31303131'), UNHEX(''), UNHEX('323031342d30362d30322032303a34363a3434'), UNHEX('303030302d30302d30302030303a30303a3030'));
REPLACE INTO `szemely_alagazat_t` (`szemelyID`,`agazatID`,`alagazatID`,`jelenlegi`,`DS`,`DEL`) VALUES (UNHEX('3130343137'), UNHEX('36'), UNHEX('31303232'), UNHEX(''), UNHEX('323031342d30362d30322032303a34373a3037'), UNHEX('303030302d30302d30302030303a30303a3030'));
REPLACE INTO `tblOneletrajz` (`idOneletrajz`,`szemelyID`,`nyelvID`,`dateBe`,`nev`,`wordtype`,`DS`,`DEL`,`oneletrajz`) VALUES (UNHEX('35313137'), UNHEX('3130343136'), UNHEX('32'), UNHEX('323031342d30362d30322031303a33313a3331'), UNHEX('47535a20456e676c6973682030313036323031342e646f63'), UNHEX('2e646f63'), UNHEX('323031342d30362d30322031303a33313a3331'), UNHEX('303030302d30302d30302030303a30303a3030'), UNHEX('[encoded data, 70656 characters]'));
REPLACE INTO `tblOneletrajz` (`idOneletrajz`,`szemelyID`,`nyelvID`,`dateBe`,`nev`,`wordtype`,`DS`,`DEL`,`oneletrajz`) VALUES (UNHEX('35313138'), UNHEX('3130343136'), UNHEX('3139'), UNHEX('323031342d30362d30322031303a33323a3238'), UNHEX('535a47206d61677961722030313036323031342e646f63'), UNHEX('2e646f63'), UNHEX('323031342d30362d30322031303a33323a3238'), UNHEX('303030302d30302d30302030303a30303a3030'), UNHEX('[encoded data, 75776 characters]'));
REPLACE INTO `tblOneletrajz` (`idOneletrajz`,`szemelyID`,`nyelvID`,`dateBe`,`nev`,`wordtype`,`DS`,`DEL`,`oneletrajz`) VALUES (UNHEX('35313139'), UNHEX('3130343137'), UNHEX('3139'), UNHEX('323031342d30362d30322032303a34383a3234'), UNHEX('315f43565f44535f48552e646f63'), UNHEX('2e646f63'), UNHEX('323031342d30362d30322032303a34383a3234'), UNHEX('303030302d30302d30302030303a30303a3030'), UNHEX('[encoded data, 371549 characters]