#---------------------------------------------------
#Pendl Adatbank - Módosítások SQL dumpj-a
#Időszak eleje: 2015.11.02 23:00:00
#Időszak vége: 2015.11.03 23:00:00
#---------------------------------------------------

REPLACE INTO `szemely_t` (`szemelyID`,`jelszo`,`idTitulus`,`nev`,`nevkoz`,`nevkereszt`,`szulev`,`idLakOrsz`,`iranyitoszam`,`varos`,`utca`,`idLevOrsz`,`levIrsz`,`levVaros`,`levUtca`,`telefon`,`tel2`,`mobil`,`email`,`altEmail`,`skype`,`linkedIn`,`DS`,`DEL`,`kep`,`visszaigazolt`) VALUES (UNHEX('3130393837'), UNHEX('73756e7368696e65'), UNHEX('30'), UNHEX('5a617565726ec3a920456e676c6f6e6572'), UNHEX(''), UNHEX('c381676e6573'), UNHEX('31393639'), UNHEX('3136'), UNHEX('32303030'), UNHEX('537a656e74656e647265'), UNHEX('4bc3a16c76c3a17269612074c3a97220313941'), UNHEX('3136'), UNHEX(''), UNHEX(''), UNHEX(''), UNHEX('30362d33302d32323230383539'), UNHEX(''), UNHEX('30362d33302d32323230383539'), UNHEX('656e676c6f6e65722e61676e6573407570636d61696c2e6875'), UNHEX(''), UNHEX('656e676c6f6e65722e61676e6573'), UNHEX('68747470733a2f2f68752e6c696e6b6564696e2e636f6d2f7075622f61676e65732d656e676c6f6e65722f322f3236372f363461'), UNHEX('323031352d31312d30332031313a30343a3232'), UNHEX('303030302d30302d30302030303a30303a3030'), UNHEX('[encoded data, 32768 characters]'), UNHEX(''));
REPLACE INTO `szemely_t` (`szemelyID`,`jelszo`,`idTitulus`,`nev`,`nevkoz`,`nevkereszt`,`szulev`,`idLakOrsz`,`iranyitoszam`,`varos`,`utca`,`idLevOrsz`,`levIrsz`,`levVaros`,`levUtca`,`telefon`,`tel2`,`mobil`,`email`,`altEmail`,`skype`,`linkedIn`,`DS`,`DEL`,`kep`,`visszaigazolt`) VALUES (UNHEX('3130393838'), UNHEX('663735333835'), UNHEX('30'), UNHEX('5065746572'), UNHEX(''), UNHEX('42656e65'), UNHEX('31393830'), UNHEX('3136'), UNHEX('31313333'), UNHEX('4275646170657374'), UNHEX('50616e6ec3b36e696120752e203131382e'), UNHEX('3136'), UNHEX(''), UNHEX(''), UNHEX(''), UNHEX('2b3336203730203532332037373233'), UNHEX(''), UNHEX(''), UNHEX('70657465722e62656e652e6d626140676d61696c2e636f6d'), UNHEX(''), UNHEX(''), UNHEX(''), UNHEX('323031352d31312d30332031353a30313a3532'), UNHEX('303030302d30302d30302030303a30303a3030'), UNHEX(''), UNHEX(''));
REPLACE INTO `szemely_terulet_t` (`szemelyID`,`teruletID`,`alteruletID`,`jelenlegi`,`IDdolgozottevek`,`DS`,`DEL`) VALUES (UNHEX('3130393838'), UNHEX('3135'), UNHEX('343031'), UNHEX(''), UNHEX('33'), UNHEX('323031352d31312d30332031353a30333a3435'), UNHEX('303030302d30302d30302030303a30303a3030'));
REPLACE INTO `szemely_vegzettseg_t` (`szemelyID`,`vegzettsegID`,`VCSID`,`szakiranyID`,`DS`,`DEL`) VALUES (UNHEX('3130393837'), UNHEX('3430'), UNHEX('34'), UNHEX('3233'), UNHEX('323031352d31312d30332031313a30373a3035'), UNHEX('303030302d30302d30302030303a30303a3030'));
REPLACE INTO `szemely_vegzettseg_t` (`szemelyID`,`vegzettsegID`,`VCSID`,`szakiranyID`,`DS`,`DEL`) VALUES (UNHEX('3130393838'), UNHEX('3730'), UNHEX('34'), UNHEX('313639'), UNHEX('323031352d31312d30332031353a30323a3237'), UNHEX('303030302d30302d30302030303a30303a3030'));
REPLACE INTO `szemely_vegzettseg_t` (`szemelyID`,`vegzettsegID`,`VCSID`,`szakiranyID`,`DS`,`DEL`) VALUES (UNHEX('3130393838'), UNHEX('3430'), UNHEX('32'), UNHEX('32'), UNHEX('323031352d31312d30332031353a30323a3339'), UNHEX('303030302d30302d30302030303a30303a3030'));
REPLACE INTO `szemely_alagazat_t` (`szemelyID`,`agazatID`,`alagazatID`,`jelenlegi`,`DS`,`DEL`) VALUES (UNHEX('3130393837'), UNHEX('3233'), UNHEX('31303138'), UNHEX(''), UNHEX('323031352d31312d30332031313a30353a3238'), UNHEX('303030302d30302d30302030303a30303a3030'));
REPLACE INTO `szemely_alagazat_t` (`szemelyID`,`agazatID`,`alagazatID`,`jelenlegi`,`DS`,`DEL`) VALUES (UNHEX('3130393838'), UNHEX('3233'), UNHEX('31303135'), UNHEX(''), UNHEX('323031352d31312d30332031353a30343a3131'), UNHEX('303030302d30302d30302030303a30303a3030'));
REPLACE INTO `tblOneletrajz` (`idOneletrajz`,`szemelyID`,`nyelvID`,`dateBe`,`nev`,`wordtype`,`DS`,`DEL`,`oneletrajz`) VALUES (UNHEX('36313135'), UNHEX('3130393837'), UNHEX('32'), UNHEX('323031352d31312d30332031313a30353a3039'), UNHEX('456e676c6f6e65722041676e65732043562e646f63'), UNHEX('2e646f63'), UNHEX('323031352d31312d30332031313a30353a3039'), UNHEX('303030302d30302d30302030303a30303a3030'), UNHEX('[encoded data, 109568 characters]'));
REPLACE INTO `tblOneletrajz` (`idOneletrajz`,`szemelyID`,`nyelvID`,`dateBe`,`nev`,`wordtype`,`DS`,`DEL`,`oneletrajz`) VALUES (UNHEX('36313136'), UNHEX('3130393838'), UNHEX('32'), UNHEX('323031352d31312d30332031353a30343a3337'), UNHEX('43565f50657465722042656e655f454e475f30332e31312e706466'), UNHEX(''), UNHEX('323031352d31312d30332031353a30353a3130'), UNHEX('323031352d31312d30332031353a30353a3130'), UNHEX('[encoded data, 55660 characters]'));
REPLACE INTO `tblOneletrajz` (`idOneletrajz`,`szemelyID`,`nyelvID`,`dateBe`,`nev`,`wordtype`,`DS`,`DEL`,`oneletrajz`) VALUES (UNHEX('36313137'), UNHEX('3130393838'), UNHEX('32'), UNHEX('323031352d31312d30332031353a30343a3533'), UNHEX('436f766572206c65747465725f50657465722042656e655f30332e31312e706466'), UNHEX(''), UNHEX('323031352d31312d30332031353a30353a3039'), UNHEX('323031352d31312d30332031353a30353a3039'), UNHEX('[encoded data, 18214 characters]'));
REPLACE INTO `tblOneletrajz` (`idOneletrajz`,`szemelyID`,`nyelvID`,`dateBe`,`nev`,`wordtype`,`DS`,`DEL`,`oneletrajz`) VALUES (UNHEX('36313138'), UNHEX('3130393838'), UNHEX('32'), UNHEX('323031352d31312d30332031353a30353a3137'), UNHEX('436f766572206c65747465725f50657465722042656e655f30332e31312e706466'), UNHEX(''), UNHEX('323031352d31312d30332031353a30353a3137'), UNHEX('303030302d30302d30302030303a30303a3030'), UNHEX('[encoded data, 18214 characters]'));
REPLACE INTO `tblOneletrajz` (`idOneletrajz`,`szemelyID`,`nyelvID`,`dateBe`,`nev`,`wordtype`,`DS`,`DEL`,`oneletrajz`) VALUES (UNHEX('36313139'), UNHEX('3130393838'), UNHEX('32'), UNHEX('323031352d31312d30332031353a30353a3236'), UNHEX('43565f50657465722042656e655f454e475f30332e31312e706466'), UNHEX(''), UNHEX('323031352d31312d30332031353a30353a3236'), UNHEX('303030302d30302d30302030303a30303a3030'), UNHEX('[encoded data, 55660 characters]'));
REPLACE INTO `nyelvtudas_t` (`szemelyID`,`nyelvID`,`szintID`,`DS`,`DEL`) VALUES (UNHEX('3130393837'), UNHEX('32'), UNHEX('3530'), UNHEX('323031352d31312d30332031313a30363a3231'), UNHEX('303030302d30302d30302030303a30303a3030'));
REPLACE INTO `nyelvtudas_t` (`szemelyID`,`nyelvID`,`szintID`,`DS`,`DEL`) VALUES (UNHEX('3130393837'), UNHEX('39'), UNHEX('3330'), UNHEX('323031352d31312d30332031313a30363a3339'), UNHEX('303030302d30302d30302030303a30303a3030'));
REPLACE INTO `nyelvtudas_t` (`szemelyID`,`nyelvID`,`szintID`,`DS`,`DEL`) VALUES (UNHEX('3130393838'), UNHEX('32'), UNHEX('3530'), UNHEX('323031352d31312d30332031353a30323a3539'), UNHEX('303030302d30302d30302030303a30303a3030'));
REPLACE INTO `nyelvtudas_t` (`szemelyID`,`nyelvID`,`szintID`,`DS`,`DEL`) VALUES (UNHEX('3130393838'), UNHEX('39'), UNHEX('3430'), UNHEX('323031352d31312d30332031353a30333a3132'), UNHEX('303030302d30302d30302030303a30303a3030'));
